divided by 170?
168
Calculate the remainder when 146048 is divided by 128.
0
Calculate the remainder when 66220 is divided by 93.
4
What is the remainder when 56479 is divided by 131?
18
What is the remainder when 39722 is divided by 92?
70
What is the remainder when 12066 is divided by 9?
6
Calculate the remainder when 3192 is divided by 1574.
44
Calculate the remainder when 12222 is divided by 1368.
1278
What is the remainder when 12421 is divided by 7?
3
Calculate the remainder when 562715 is divided by 44.
43
What is the remainder when 4071 is divided by 1353?
12
Calculate the remainder when 20967 is divided by 3.
0
What is the remainder when 1678 is divided by 569?
540
Calculate the remainder when 1184109 is divided by 236820.
9
What is the remainder when 325587 is divided by 30?
27
Calculate the remainder when 502 is divided by 127.
121
Calculate the remainder when 513779 is divided by 1652.
7
Calculate the remainder when 3778 is divided by 666.
448
What is the remainder when 19936 is divided by 2478?
112
Calculate the remainder when 30951 is divided by 64.
39
Calculate the remainder when 52725 is divided by 6.
3
What is the remainder when 4354 is divided by 878?
842
Calculate the remainder when 6684 is divided by 59.
17
Calculate the remainder when 368057 is divided by 6.
5
What is the remainder when 202709 is divided by 92?
33
What is the remainder when 1046209 is divided by 7?
3
Calculate the remainder when 165301 is divided by 525.
451
What is the remainder when 13015 is divided by 104?
15
What is the remainder when 2384 is divided by 4?
0
Calculate the remainder when 6305 is divided by 28.
5
Calculate the remainder when 5610 is divided by 42.
24
Calculate the remainder when 7145 is divided by 2377.
14
What is the remainder when 28736 is divided by 205?
36
What is the remainder when 135631 is divided by 22605?
1
What is the remainder when 1124420 is divided by 1?
0
What is the remainder when 108581 is divided by 113?
101
Calculate the remainder when 8666 is divided by 418.
306
What is the remainder when 1073538 is divided by 651?
39
What is the remainder when 1846 is divided by 160?
86
Calculate the remainder when 256268 is divided by 201.
194
Calculate the remainder when 461 is divided by 403.
58
Calculate the remainder when 367029 is divided by 8.
5
What is the remainder when 459438 is divided by 71?
68
Calculate the remainder when 27825 is divided by 114.
9
What is the remainder when 335553 is divided by 87?
81
What is the remainder when 13489 is divided by 1396?
925
What is the remainder when 1676 is divided by 118?
24
Calculate the remainder when 9184 is divided by 658.
630
What is the remainder when 3488 is divided by 205?
3
What is the remainder when 293 is divided by 128?
37
What is the remainder when 32374 is divided by 15?
4
Calculate the remainder when 23898 is divided by 1196.
1174
What is the remainder when 123235 is divided by 8214?
25
Calculate the remainder when 24320 is divided by 62.
16
What is the remainder when 1419828 is divided by 205?
203
What is the remainder when 186658 is divided by 11?
10
What is the remainder when 10477 is divided by 2471?
593
Calculate the remainder when 9104 is divided by 2192.
336
What is the remainder when 4411 is divided by 735?
1
Calculate the remainder when 5241 is divided by 2620.
1
What is the remainder when 5103 is divided by 19?
11
Calculate the remainder when 2413044 is divided by 1142.
1140
Calculate the remainder when 17008 is divided by 107.
102
Calculate the remainder when 3900 is divided by 1948.
4
What is the remainder when 68020 is divided by 22671?
7
Calculate the remainder when 26024 is divided by 583.
372
What is the remainder when 21131 is divided by 7032?
35
Calculate the remainder when 29007 is divided by 259.
258
What is the remainder when 1025209 is divided by 16?
9
Calculate the remainder when 348477 is divided by 12.
9
Calculate the remainder when 1492 is divided by 730.
32
Calculate the remainder when 5733 is divided by 338.
325
What is the remainder when 87878 is divided by 10982?
22
What is the remainder when 7857 is divided by 395?
352
What is the remainder when 63088 is divided by 15760?
48
What is the remainder when 85053 is divided by 46?
45
What is the remainder when 1231851 is divided by 39?
36
Calculate the remainder when 180809 is divided by 1470.
1469
Calculate the remainder when 2696 is divided by 384.
8
Calculate the remainder when 105122 is divided by 1.
0
What is the remainder when 942 is divided by 776?
166
Calculate the remainder when 27204 is divided by 9054.
42
Calculate the remainder when 453683 is divided by 151223.
14
Calculate the remainder when 68491 is divided by 17.
15
Calculate the remainder when 23552 is divided by 1247.
1106
Calculate the remainder when 1308 is divided by 561.
186
Calculate the remainder when 1905 is divided by 264.
57
Calculate the remainder when 1774360 is divided by 67.
66
Calculate the remainder when 18284 is divided by 51.
26
Calculate the remainder when 3872 is divided by 2562.
1310
Calculate the remainder when 17419 is divided by 116.
19
What is the remainder when 11503 is divided by 39?
37
What is the remainder when 1112 is divided by 288?
248
What is the remainder when 5073 is divided by 1010?
23
What is the remainder when 5341 is divided by 168?
133
Calculate the remainder when 7286 is divided by 90.
86
Calculate the remainder when 5642 is divided by 68.
66
Calculate the remainder when 9406 is divided by 16.
14
Calculate the remainder when 1875761 is divided by 69.
65
What is the remainder when 2647 is divided by 3?
1
What is the remainder when 11482 is divided by 148?
86
Calculate the remainder when 9348 is divided by 582.
36
Calculate the remainder when 56746 is divided by 64.
42
What is the remainder when 297769 is divided by 323?
286
Calculate the remainder when 2341 is divided by 725.
166
Calculate the remainder when 42894 is divided by 139.
82
What is the remainder when 4062 is divided by 139?
31
Calculate the remainder when 2397 is divided by 127.
111
What is the remainder when 37363 is divided by 12?
7
Calculate the remainder when 2614 is divided by 6.
4
What is the remainder when 7170 is divided by 2033?
1071
What is the remainder when 13931 is divided by 421?
38
Calculate the remainder when 489646 is divided by 79.
4
Calculate the remainder when 2758 is divided by 1108.
542
What is the remainder when 482164 is divided by 120540?
4
What is the remainder when 41868 is divided by 136?
116
What is the remainder when 165883 is divided by 27645?
13
Calculate the remainder when 56281 is divided by 28137.
7
Calculate the remainder when 7349 is divided by 146.
49
What is the remainder when 7264 is divided by 846?
496
Calculate the remainder when 16507 is divided by 5502.
1
What is the remainder when 4863 is divided by 46?
33
What is the remainder when 814250 is divided by 407112?
26
What is the remainder when 1931288 is divided by 23843?
5
What is the remainder when 3689 is divided by 1888?
1801
What is the remainder when 133317 is divided by 1449?
9
What is the remainder when 22577 is divided by 414?
221
What is the remainder when 7505 is divided by 2490?
35
Calculate the remainder when 956 is divided by 77.
32
What is the remainder when 4890 is divided by 491?
471
Calculate the remainder when 11967 is divided by 5795.
377
What is the remainder when 2015 is divided by 109?
53
What is the remainder when 10446 is divided by 31?
30
What is the remainder when 159148 is divided by 692?
680
Calculate the remainder when 160863 is divided by 243.
240
What is the remainder when 33060 is divided by 122?
120
Calculate the remainder when 6034 is divided by 4.
2
What is the remainder when 179145 is divided by 179144?
1
What is the remainder when 10840 is divided by 10747?
93
What is the remainder when 129721 is divided by 129712?
9
Calculate the remainder when 8563 is divided by 15.
13
What is the remainder when 234101 is divided by 26009?
20
What is the remainder when 36590 is divided by 171?
167
What is the remainder when 5715 is divided by 171?
72
What is the remainder when 52289 is divided by 176?
17
What is the remainder when 902 is divided by 43?
42
Calculate the remainder when 19270 is divided by 338.
4
